 5 + -11 - (-1 + -1 + 3).
-7
What is 2 - ((2 - -1) + -2 + 1)?
0
What is 1 - (1 + 5 - 0) - 1?
-6
Evaluate 0 - -1 - (0 - 2).
3
Evaluate -6 - -7 - -8 - 15.
-6
Calculate -11 - -11 - (-9 + 3).
6
What is the value of 0 + 1 - (22 + -19)?
-2
What is the value of 3 + -2 - (9 - 9)?
1
Calculate 1 + (7 + -5 - 5).
-2
What is 0 + (-5 - 1) + 4 + 2?
0
Calculate -3 - (2 - 12 - -4) - 4.
-1
What is 1 + -3 - (1 + 2 - 0)?
-5
Calculate -2 - (9 - 18) - (0 + 2).
5
Calculate -2 - (15 - (11 + -3)).
-9
Evaluate -1 + (-5 - (2 + -7)).
-1
Evaluate -5 - (-2 + 4 + (3 - 4)).
-6
Calculate 1 + (2 + 0 - 8).
-5
What is the value of 10 + -10 + (0 - 1)?
-1
What is the value of 0 + 0 + 5 + -5?
0
What is (-4 - -8) + 4 + -8 - -6?
6
-1 - (7 + -4) - 1
-5
What is the value of -9 + -8 + 16 - (-1 - -4)?
-4
9 + (6 - (6 + -3 + 8))
4
What is -6 + -5 - (-4 + -3)?
-4
What is the value of (3 - 1) + -6 + -1?
-5
Evaluate -2 + (-3 - (4 - (10 - 5))).
-4
What is -1 + 0 - (-1 + 1)?
-1
Evaluate 9 - (2 + 5 + -4).
6
What is the value of 0 + 5 + -5 + (-2 - -2)?
0
What is the value of 1 + (1 - -8) + -9?
1
Calculate (1 - 0) + (-6 - -7).
2
Evaluate 2 + -6 + 1 + 1 + 8.
6
What is -12 + 5 - (-3 + 0) - 1?
-5
Calculate (-2 - -7) + 6 + (7 - 12).
6
Calculate -8 + -9 + 2 + 7.
-8
Calculate -9 + (-1 - -6) - -9 - 13.
-8
0 + 3 + (-4 - 0)
-1
Calculate (1 - (2 + 1)) + -17 + 20.
1
-4 + (6 - (-6 + 10 + -3))
1
(3 - (-7 + 5 - -3)) + 4
6
Evaluate ((0 - -4) + 0 - 3) + -2.
-1
Evaluate 16 + -20 - (-2 + (4 - 2)).
-4
Calculate 1 + (13 - 5) + -4.
5
What is 2 + -1 + (1 - -2)?
4
Calculate 4 + 3 - -3 - 16.
-6
(-6 - 10) + (17 - 6)
-5
What is 0 + 0 + 9 + -16?
-7
Calculate -2 + (-6 - -8) + 1.
1
What is the value of -2 + (6 - (3 + (3 - 1)))?
-1
What is the value of 10 + -12 + 5 - (1 + 1)?
1
Calculate (54 - 58) + (1 - (0 + 1)).
-4
What is the value of 0 + 9 + 46 + -52?
3
Evaluate 5 - (0 - 1) - (-4 + 14).
-4
Evaluate 3 + (7 - 3) - 10.
-3
-2 - (-6 + -2 - (-2 + -1))
3
What is the value of (9 - (10 + -9)) + -6?
2
Evaluate 6 - (-1 + 5 + -2 + -5).
9
What is the value of (-13 - (-8 - -8)) + (6 - -2)?
-5
Calculate 7 + -4 - (4 + -5 + 5).
-1
(-6 - -13) + -8 + 7
6
What is (-11 - (-3 + -7)) + -4?
-5
What is the value of (-13 - -1) + 4 - -8?
0
3 - (-4 + 3) - 4
0
What is the value of 7 + -5 + -3 + 2?
1
What is (5 - 13) + 6 - 2?
-4
-18 + 19 - (7 - 2)
-4
What is 4 - 1 - (2 - 3)?
4
8 - (-2 + 0 + 3 + 2)
5
Evaluate 1 + -5 + 0 + -3 + 13.
6
Evaluate 3 - (4 + -3 + -2).
4
Calculate 4 - (2 + 2 + -2 + 2).
0
Calculate 1 - 2 - -8 - 3.
4
Calculate (36 - 38) + 2 + 1.
1
What is the value of 8 - 0 - (81 + -77)?
4
Evaluate -1 + 7 + -11 + 3 + 4.
2
Evaluate -3 + 5 + (4 - 3) - 1.
2
What is 10 + (-5 - ((9 - 6) + -4))?
6
6 - (8 + -5 + -2)
5
Calculate -4 + 7 + 0 + -11.
-8
Calculate (12 - 0) + (6 - (13 - 2)).
7
What is the value of (-1 - (0 - 0)) + (-189 - -193)?
3
What is (9 + -3 - 10) + 1 + 4?
1
Evaluate 1 - ((4 - 6) + -3 + -2).
8
What is (8 - 17) + (3 - 0)?
-6
Evaluate (-3 - 3) + (-9 - -19).
4
Calculate -4 + (0 - -4) + 4 + -1.
3
Evaluate -3 - (2 + (-10 - -5)) - -3.
3
What is the value of -9 + (-4 - (-4 - 19))?
10
Evaluate 2 + -8 - (-21 + 20).
-5
What is -3 + 3 - ((-2 - -2) + 2)?
-2
(4 + 1 - -1) + -3
3
Evaluate 3 - 5 - -8 - -2 - 1.
7
Calculate 5 + (3 - (-3 - -3)) + -2.
6
Evaluate 15 + -8 + -7 + (6 - 1).
5
What is the value of 119 + -101 - (1 - -11)?
6
What is 1 - -1 - -2 - (3 - 2)?
3
Calculate (2 - (-4 - -13)) + 7.
0
-1 + (-6 - (-6 + -4))
3
Evaluate 8 + (-1 - 4) + 3 + 3.
9
What is -5 + 0 + 6 + -3?
-2
Evaluate 11 + (0 - (-3 + 16)).
-2
-6 + (-3 - -2) - (2 - 4)
-5
Evaluate -4 - (-4 - -5 - 5).
0
What is the value of (4 - 0) + 13 + -7 + -10?
0
Calculate (-6 - 0) + (-28 - -28).
-6
What is the value of 4 - -2 - (-6 - -4 - -1)?
7
What is the value of 17 + (-15 - -6) + -1?
7
Evaluate (1 - 6) + 7 + -2.
0
What is 0 + -5 + 11 + -13?
-7
What is the value of 3 - (-1 + 3) - 0 - 5?
-4
What is -1 - (-7 + 9 - (1 - 3))?
-5
What is (16 - 7) + 1 + -4?
6
Evaluate 2 - (-3 - -8) - 3.
-6
Calculate (3 - (-1 - -2) - 1) + -3.
-2
Evaluate -1 - (-7 + 6) - 1.
-1
What is the value of 0 + -1 + 1 + (-52 - -50)?
-2
Evaluate (-9 - (-4 + -2 + 3)) + 3.
-3
Evaluate 5 + -12 + 3 + 7.
3
What is the value of (2 - 6) + 1 + 1?
-2
Evaluate -1 + 3 + (12 - 20).
-6
What is the value of -3 - -8 - (-7 + 6)?
6
What is the value of 10 + (13 - 5) + -14?
4
Evaluate (-4 - (-4 - -3)) + 4.
1
-6 + 8 + 1 + (-7 - 2)
-6
(-8 - (6 - 12)) + (5 - 0)
3
What is 0 + 4 + (5 - 4) + -4?
1
What is -10 + 4 + 9 - 3?
0
(3 - (6 - 3) - -4) + -13
-9
(7 - (5 + 0)) + 0 + -1
1
Evaluate -4 - -4 - 4 - (0 + 1).
-5
What is the value of -1 + (-3 - (4 - (-4 + 14)))?
2
What is the value of -9 - -3 - (-1 + -3 + 0)?
-2
What is the value of -2 + (2 - 4) + 8 + -5?
-1
What is 5 + -2 - (1 + -3)?
5
What is 1 - (5 + -8 - -10) - 1?
-7
Calculate -2 + -13 + 36 + -11.
10
-5 + -7 + 12 + -5 + 7
2
Evaluate (0 - (0 - 0)) + -53 + 51.
-2
What is 5 - (29 + -30 - (7 - 2))?
11
What is -6 + (-4 - -2) + 3?
-5
What is the value of 2 + 3 + (-2 - -3)?
6
What is the value of 1 - (2 + 5) - (27 + -24)?
-9
What is the value of 5 + (10 - 16) + 3?
2
Evaluate 0 - (1 - -5 - (12 + -11)).
-5
What is the value of -3 + -1 + -19 + 18?
-5
-1 - (0 + 1) - 3
-5
What is the value of -4 + 1 + 7 + -2?
2
What is the value of 5 + (-2 - ((-4 - -4) + 2))?
1
What is -92 - -87 - (1 + -11 + -1)?
6
What is 5 + (-1 - 4) + 2?
2
-1 - (4 - 2) - (-14 - -14)
-3
Evaluate -21 - -11 - (-4 - (0 + 0)).
-6
What is the value of -2 - (-2 - -1) - (14 + -13)?
-2
Calculate 0 - (3 + -2) - (-2 + 2).
-1
Evaluate 4 + -1 + -1 + -6 + -1.
-5
What is the value of (-10 - 0) + 0 + 5?
-5
Calculate -4 + (-2 + 1 - (-46 + 43)).
-2
(2 - -3) + -1 - 2 - 6
-4
Calculate -5 + (-6 - -4) + 9.
2
What is the value of -5 + (-2 - (-6 - -5)) - -1?
-5
5 - 5 - 3 - (-1 - 2)
0
What is -1 + -1 + -4 + 5 + 4?
3
Calculate 1 + -2 + (-6 + 15 - 7).
1
What is 2 - ((12 - 7) + 0)?
-3
Calculate 2 + -1 + (-6 - (3 + -11)).
3
-1 + (-1 - (3 + -3))
-2
Evaluate -1 + 4 + -4 + -1 + 3.
1
What is 13 + (8 - 19) + -3?
-1
5 + -9 + (10 - 5)
1
1 + -1 + -1 + 2
1
1 + -1 + (6 - (17 - 8))
-3
-8 - (-6 - (3 + -9 + 4))
-4
What is (3 - 4) + 2 - -3?
4
What is the value of 8 - (9 + 1) - -9?
7
What is the value of -17 - -17 - (-3 - -6 - 0)?
-3
What is 1 - (3 + 1 + -6)?
3
What is the value of (-7 - -11) + (-2 - 7)?
-5
Evaluate 0 + -11 + (-1 - -15).
3
What is the value of -86 + 86 - (-1 - -1 - 3)?
3
Evaluate -2 + (-4 + 9 - 11) + 5.
-3
What is (-18 - (-34 + 18)) + 4 + 0?
2
What is the value of 3 + (-7 - 2) + 5 - -4?
3
Calculate 0 + 0 + 0 + 4 - 4.
0
Calculate (-4 - (3 - 6)) + 3.
2
What is the value of (-3 - (-4 - -3)) + 3 - -2?
3
Evaluate -6 + (5 - (-11 - -5) - 5).
0
What is the value of 10 + (-12 - (-4 - 1))?
3
-21 + (1 - -8) + 8
-4
Calculate (0 - (1 - -3)) + (10 - 2).
4
Calculate 3 - -20 - 11 - 10.
2
Evaluate (-20 - -23) + -3 + (2 - -2).
4
What is 21 - 9 - (-2 + (-1 - -7))?
8
What is the value of -3 + 0 - (-5 + 2)?
0
5 + 0 - (30 - 10 - 11)
-4
What is 3 - (5 - (3 + 2)) - 1?
2
What is the value of -1 + (12 - (3 + 1)) - 3?
4
Evaluate (0 - 6 - -4) + (1 - -6).
5
Evaluate (0 - 0) + (26 - 24).
2
(-9 - (4 + -3 - 5)) + -1
-6
(-10 + 7 - -4) + (-2 - -3)
2
-3 + 7 + 1 + -3
2
What is -1 - (2 + -5 - 1)?
3
Evaluate -4 - (-11 + (5 - 2)).
4
What is the value of 3 + -1 + 12 + -10 + -5?
-1
Evaluate -3 + (3 + -3 - -2 - -1).
0
-13 + 13 - (-4 - (-9 - 1))
-6
What is the value of 0 + 4 - (86 + -89)?
7
What is 8 - (-7 + (4 - -13))?
-2
13 - (18 + -6) - 2
-1
Calculate 8 - (0 - 5 - -7).
6
What is 8 + -2 - (2 - (-2 + 4))?
6
Calculate 7 + (-2 - (-8 + 10 + -6)).
9
What is the value of -3 + 3 + -1 + (3 - 5)?
-3
Calculate (-2 - -1) + 5 - 8.
-4
What is the value of -5 + -5 + (14 - -1)?
5
Evaluate (6 - -2 - 1) + -3.
4
Calculate (-3 - -6 - (3 + 1)) + 5.
4
Calculate 1 + -1 + 0 + 1.
1
What is the value of -5 - (-18 - -8 - -3)?
2
1 + (5 + 3 - 4 - 6)
-1
1 - (-9 + 5 + 3)
2
What is -141 + 138 - (-4 + 1)?
0
What is the value of 8 - (9 - 9) - -1 - 4?
5
What is the value of 6 - ((0 - 2) + -1 + 4)?
5
1 + -11 + 3 - -15
8
What is the value of 8 - (7 + -1) - 6?
-4
Evaluate (-1 - -11) + -94 + 92.
8
What is -3 + 2 - (-30 - -26)?
3
8 - (-3 - -8) - 7
-4
-6 - (-13 - -7 - 4)
4
What is 5 + (-12 - -1) + 11?
5
Evaluate 0 - -2 - (4 + 2).
-4
What is (-3 - -8) + (4 - (1 + 3))?
5
0 + (4 - -8 - 7) - 12
-7
-42 + 56 + 2 + -27
-11
What is the value of -1 - 4 - (-